 is the remainder when z(-42) is divided by 41?
17
Suppose 108 = 4*j - y - 4, 5*j + 2*y = 127. Calculate the remainder when j is divided by 19.
8
Suppose -709 = 11*q - 181. Let z = q + 71. Calculate the remainder when 41 is divided by z.
18
Let j be (38/5)/(10/25). Let s = -3 + j. Let y(v) = 3*v**2 - 2*v - 4. What is the remainder when y(-3) is divided by s?
13
Let g = -24 + 27. What is the remainder when 150 + (g - 0 - 0) is divided by 39?
36
Let c be 0*2/(-4)*2. Suppose c = y - 4*b - 50, y - 35 = 2*b + 25. Calculate the remainder when y is divided by 19.
13
What is the remainder when 51 is divided by ((-54)/81)/(4/(-174))?
22
Suppose 405 = 24*w + 3*w. Calculate the remainder when w is divided by 4.
3
Let i be (-76)/(-18) + (-24)/108. Suppose -i*j - 4*b + 420 = 0, j - 120 = b - 17. What is the remainder when j is divided by 21?
20
What is the remainder when (-776)/(-6) - 58/174 is divided by 37?
18
Suppose -r + 2*s = -19, 3*s + 25 + 15 = 2*r. Suppose 0 = 5*m - 3*v - 20, m + 17*v - 4 = 21*v. Calculate the remainder when r is divided by m.
3
Let n(l) = 4*l + 7. What is the remainder when 44 is divided by n(4)?
21
Let v = 2 - -1. Suppose 7 = f + 3*i, 5*f + i - 18 = v*i. Calculate the remainder when 5 is divided by f.
1
Suppose -4 + 14 = -5*s, v + 2*s = 83. Calculate the remainder when v is divided by 11.
10
Suppose 2*k + 36 = 5*k. Suppose 9 = 3*u - k. Suppose -3*o + u = -20. What is the remainder when 17 is divided by o?
8
Suppose 36*g = 31*g + 135. Let k = 31 - g. Calculate the remainder when 18 is divided by k.
2
Let c(o) = -2*o**2 + 26*o - 11. Let s be ((-60)/25)/((-2)/10). Calculate the remainder when (-1 + 0)*-38 + 0 is divided by c(s).
12
Suppose -5*l + 2 = -2*q, 0 = -l + 6*q - 2*q - 14. Calculate the remainder when (-5 + -62)/((-1 + l)/(-1)) is divided by 34.
33
Let o = -16 + 28. What is the remainder when 13/((-156)/(-8))*1*69 is divided by o?
10
Let k(m) = -25*m + 200. Let f(g) = -g**3 - 4*g**2 - 3*g - 3. Let d be f(-3). Let c(h) = -24*h + 1. Calculate the remainder when c(d) is divided by k(7).
23
Let h = -12 - -29. Suppose 1 - 12 = -2*s - 5*t, -3*t = -2*s + 3. Suppose -5*j + 3*q = 29 - 461, -2*j - s*q = -156. What is the remainder when j is divided by h?
16
What is the remainder when 82 is divided by 8/6*(-11 + 29)?
10
Let c(k) = -k**2 + 43*k + 101. Calculate the remainder when c(42) is divided by 18.
17
Let k = -191 + 541. What is the remainder when k is divided by 32?
30
Let c(i) = -i**3 + 11*i**2 + 12*i + 5. Let m be c(12). Suppose 0 = 3*o - 9, m*t + 3*o - 2*o - 178 = 0. Calculate the remainder when 172 is divided by t.
32
Let t = -72 + 10. Let c = -43 - t. Suppose -5*h - 179 = -2*b, -4*b + h - 277 = -7*b. Calculate the remainder when b is divided by c.
16
Suppose -3*s + 2*c + 42 = 0, -5*c = 3*s - 23 + 2. What is the remainder when (-7)/21*(-55 + 13) is divided by s?
2
Let t = 46 - 16. Calculate the remainder when 239 is divided by t.
29
Suppose -k = -r + k + 9, 0 = 4*k - 16. Suppose 2*j - 2 = 2. Suppose 10 = 2*l - j. What is the remainder when r is divided by l?
5
Let a(s) = s**3 - 5*s**2 + 2*s + 4. Let m be 28/21 - (-22)/6. Calculate the remainder when 41 is divided by a(m).
13
Suppose 4*o - 4*i = 208, -2*i - 49 + 0 = -o. Calculate the remainder when o is divided by 20.
15
Let m = 80 + -71. What is the remainder when 68 is divided by m?
5
Let a(q) = q**3 - 4*q + 1. Let v(i) = 2*i**3 + 10*i**2 - 20*i - 6. Let g be v(-6). Calculate the remainder when 3 + 3/3 + g is divided by a(3).
14
Suppose -51*x + 4*x + 799 = 0. What is the remainder when 163 is divided by x?
10
Let r(h) = -h + 11. Let p be r(5). Let d(u) = 8*u - 6. Calculate the remainder when d(p) is divided by 22.
20
Suppose 37*i - 60*i = -2691. Calculate the remainder when i is divided by 50.
17
Let h(q) = q + 3. Let x be h(0). Suppose y - z - 38 = 4*z, -x*y + 128 = -z. Suppose -11 = -a - 0. What is the remainder when y is divided by a?
10
Calculate the remainder when 24 is divided by (-7)/(42/12)*-4.
0
Let j = 3 - 10. Let u(d) = d**2 + 5*d - 10. What is the remainder when 6 is divided by u(j)?
2
Let w = -105 - -72. Let h(o) = -3*o**3 + o**2 + o - 3. Let s be h(-3). Let x = w + s. Calculate the remainder when x is divided by 18.
15
Suppose -3*o = -2*w + 114, o + 2*w = 5*w - 45. Let u = o - -85. Calculate the remainder when u is divided by 18.
13
Suppose -5*p + 140 = 5*b, 4*b = -p - p + 62. What is the remainder when 4 - (-14)/(-5) - (-4872)/40 is divided by p?
23
Let d be ((-2)/4)/((-9)/(-846)) + -2. Let t = d + 57. Calculate the remainder when 63 is divided by t.
7
Let m = -121 + 298. Suppose 0 - m = -4*l - w, -3*w = 3*l - 126. Calculate the remainder when l is divided by 4.
1
Suppose -h = -3*x - 2*x + 120, -4*h - 20 = 0. Let w = x - -4. Let u = w + -5. What is the remainder when u is divided by 12?
10
What is the remainder when 39 is divided by 1 + (-32)/(-1) - (-4)/4?
5
Let d = -871 + 869. Let c(q) = 60*q**3 + q**2 - q - 1. Let l be c(-1). What is the remainder when (-7 - -4 - d)*l is divided by 31?
28
Let k(v) = -v - 1. Let g(s) = 3*s + 6. Let m(u) = g(u) + 5*k(u). What is the remainder when m(-18) is divided by 13?
11
Suppose 0 = -5*f + 2*h, 0*f - 2*h = 3*f - 16. Let x = 20 + -15. Suppose 0 = -j - 2*j + 2*v + 25, -x*v = 2*j - 23. What is the remainder when j is divided by f?
1
What is the remainder when ((-8)/10)/(9 + (-43353)/4815) is divided by 44?
38
What is the remainder when 15/10*406/3 is divided by 189?
14
Let i = 360 + -272. What is the remainder when i is divided by 30?
28
Let m(w) = -8*w**2 - 10*w - 4. Let c(s) = -s**2 - s. Let g(t) = 5*c(t) - m(t). Suppose -6*z + 3*z + 183 = 0. What is the remainder when z is divided by g(-3)?
13
Let c be ((-60)/8)/(1/(-6)). Suppose -39 - c = -4*a. Suppose -3*r = -2*r - l - a, 27 = 2*r - 5*l. Calculate the remainder when 77 is divided by r.
25
Suppose 2*c - 4*c = -66. What is the remainder when c is divided by 1040/(-195)*(-84)/32?
5
Let m = -53 + 61. Calculate the remainder when (-1 - 2) + 1 + 17 is divided by m.
7
Suppose -o + d + 3*d + 41 = 0, 4*o - 3*d = 216. Calculate the remainder when o is divided by (-403)/(-26) - (-3)/(-6).
12
Let v(b) = b**3 - 13*b**2 + 30*b + 8. What is the remainder when 326 is divided by v(10)?
6
Let o = 66 + 193. Suppose 0 = 5*f - 4*r - 310, -3*f - 65 = -4*r - o. What is the remainder when f is divided by 20?
18
Let m = 2249 + -2087. What is the remainder when m is divided by 46?
24
Suppose 0*c - 2*y + 4 = 5*c, 8 = 5*c + 4*y. Suppose c = -j - 4*j + 20. Calculate the remainder when 31 is divided by (17/4)/(1/j).
14
Suppose -2*m = -0*m - 8. Suppose -k + 3*n + 74 = 12, -m*k + 4*n + 224 = 0. What is the remainder when k is divided by 11?
9
Suppose 48*j - 3050 = -2*j. Calculate the remainder when 196 is divided by j.
13
Suppose -z + 10*z = 27. What is the remainder when 3/(1/10*2) is divided by z?
0
Let n(c) = c**3 + 15*c**2 + 5*c - 6. Let m be n(-14). Let r = m - 91. Calculate the remainder when 85 is divided by r.
27
Let y(z) = -z**2 - 6*z + 4. Let j be y(-6). Let a be 2*-1*(-6)/j. Suppose -a*d = -99 - 24. What is the remainder when d is divided by 11?
8
Suppose 3*g = 3*k + 7*g - 32, 2*k + g = 23. Calculate the remainder when -1*23/(-1 - 0) is divided by k.
11
Let l(h) = h - 3. Let f be l(5). Suppose f*u - 98 = -244. Let x = -19 - u. What is the remainder when x is divided by 19?
16
Suppose 6*p - 397 - 971 = 0. What is the remainder when p is divided by 47?
40
Suppose -2*k = 2*p - 20, 2*k + p - 17 = -2*p. Calculate the remainder when 64 is divided by k.
12
Suppose -116 - 109 = -5*c. What is the remainder when c is divided by 37?
8
Let g = 1252 - 1224. Let m(s) = -s**3 + 8*s**2 - 6*s + 6. Calculate the remainder when m(5) is divided by g.
23
Suppose 5*r + 28 = -832. Let i = -110 - r. Suppose -p + 0*p + 16 = 0. Calculate the remainder when i is divided by p.
14
Suppose 18 + 26 = -q. Let d = q - -63. Calculate the remainder when 35 is divided by d.
16
Let d = -17 - 0. Let g(z) = z**2 + 15*z + 6. Calculate the remainder when g(d) is divided by 22.
18
Let u = -905 - -982. Let j = 33 + -6. Let v = j + -1. What is the remainder when u is divided by v?
25
Suppose 5*w - 3*t - 203 = -4*t, -t = 3*w - 121. What is the remainder when w is divided by 23?
18
Suppose -787*w - 240 = -802*w. Calculate the remai